*j**2 - 2*j. Let p(f) = f - 3. Let x be p(5). Let c be k(x). Let i be (106 - 3)/1 - c. What is the highest common divisor of 9 and i?
9
Suppose -45*n - t = -48*n + 419, -t + 4 = 0. What is the highest common factor of n and 6?
3
Suppose 0 = -30*p - 6 + 246. What is the highest common divisor of 944 and p?
8
Let q be -2 + (-170)/(-70) - 249/(-7). Calculate the highest common factor of 54 and q.
18
Let v be -1 + 1 + 392/21*57. Calculate the highest common factor of v and 56.
56
Let o be (33/6)/(258/252 - 1). What is the highest common divisor of 21 and o?
21
Suppose -b - 10 = -4*h + 31, 2*b - 8 = -2*h. Let c(g) = -g - 2. Let a be c(-4). Let n be (2 - 0) + a*2. What is the greatest common divisor of n and h?
3
Let i(y) = y**3 + 13*y**2 - 4*y - 13. Let p be i(-13). What is the highest common divisor of 65 and p?
13
Let q = 650 - 645. Calculate the greatest common factor of 515 and q.
5
Suppose 43 - 3 = -4*i. Let v = 10 + i. Suppose 4*c = -v*c + 16. Calculate the greatest common divisor of 16 and c.
4
Let r = -21 - -76. Suppose 3*w - 2*w + 3*s - 5 = 0, -5*s + r = 4*w. Calculate the highest common factor of 20 and w.
20
Suppose -3*o - 1038 = 19*d - 21*d, 0 = d + o - 524. Calculate the greatest common factor of 144 and d.
18
Suppose 2*q + 45 = 13. Let y = q + 10. Let k(r) = -r**3 - 6*r**2 - 5*r - 4. Let d be k(y). Calculate the greatest common factor of d and 13.
13
Suppose -4*w + 3 = -2*g + 5, -3*w = -3*g + 18. Let k be (g/11)/(1/29). Calculate the highest common divisor of 319 and k.
29
Suppose r + 24 = -j, -2*r = j - 2*j + 36. Let u be r - -19 - (-25 + 0). What is the greatest common factor of u and 3?
3
Let a be 22/77 + (-243)/(-7). Let k = 491 + -281. Calculate the greatest common factor of a and k.
35
Let z = 9 - 9. Suppose 3*f + 2*f + 3*v = -237, z = 4*f + v + 191. Let l be (-8)/f - (-71)/6. Calculate the highest common divisor of l and 3.
3
Let i(x) be the first derivative of 20*x**2 - 7*x + 4. Let w be i(7). Let p = 405 - w. What is the highest common factor of p and 12?
12
Let x(z) = -35*z + 10. Let v(a) = 12*a - 3. Let t(k) = -11*v(k) - 4*x(k). Let n be t(6). Let m = n + -6. Calculate the greatest common factor of 5 and m.
5
Let m(y) = 61*y**2 - 8*y + 2. Let g be m(3). What is the greatest common divisor of g and 17?
17
Let c be 9/(-15)*35/(-7). Suppose -4*o = -o + 5*n - 66, 3*o + c*n = 60. Suppose 7*i = 3*i + 136. Calculate the highest common divisor of o and i.
17
Let w(f) be the second derivative of -1/3*f**3 + 0 + 2*f**2 + 6*f. Let z be w(-6). Calculate the greatest common factor of z and 4.
4
Let i(g) = g**3 + 21*g**2 - 22*g + 54. Let u be i(-13). Calculate the greatest common divisor of 54 and u.
18
Let d = 14 - 5. Let l be (5/(-20)*78)/((-3)/16). Suppose -113 = -q - l. Calculate the highest common divisor of q and d.
9
Suppose h + a - 1 = 0, 0 = -3*h - 0*h + a + 7. Suppose -4*u = 3*t - 256, -t - h*u + 338 = 3*t. Calculate the greatest common divisor of t and 12.
12
Let s = 962 - 311. Suppose j + 35 = 4*z + 155, -5*j + 3*z + s = 0. What is the greatest common divisor of 12 and j?
12
Let q(w) = -3*w + 56. Let v be q(14). Let l be (-6)/(-2) + (-1 - -124). Calculate the highest common divisor of v and l.
14
Let z(i) be the third derivative of -i**6/120 + 7*i**5/60 - 7*i**4/24 + 5*i**3/2 + 7*i**2. Let k be z(6). What is the greatest common divisor of k and 72?
9
Suppose 46 = 5*x - 74. Let q be (72/10)/(-1 - (-415)/400). Calculate the greatest common divisor of q and x.
24
Let f(c) = -c**3 + 3*c**2 + 5*c - 3. Let g be f(5). Let q = g - -24. Let s be q*(-1 + 18/(-4)). What is the greatest common divisor of 33 and s?
11
Let m(r) be the first derivative of 11*r**2/2 - 14*r + 30. Let v be m(14). What is the greatest common factor of v and 20?
20
Let s(w) = 6*w**2 - 10*w - 12. Let d be s(-4). Calculate the highest common divisor of 31 and d.
31
Let d = -308 - -323. Calculate the highest common divisor of d and 165.
15
Let k(q) = q**3 + 21*q**2 - q - 13. Let w be k(-21). Calculate the highest common factor of w and 104.
8
Let y = -1979 - -2039. What is the greatest common factor of 15 and y?
15
Let r(j) be the first derivative of -j**3/3 + 5*j**2 - 3. Let w be r(10). Suppose -5*n + 4 + 1 = w. What is the highest common divisor of n and 5?
1
Let c = 0 + 2. Let w be (-2 + 2)/7 + 2. Suppose c*h + 4 = 4*k - 4, 0 = h - w. What is the highest common divisor of k and 6?
3
Let j = 7 + -5. Suppose 2*r + j*p - 116 = 3*p, -4*p = -2*r + 122. Suppose -17 = 5*z - r. What is the highest common divisor of z and 88?
8
Let l = 241 - -408. What is the highest common divisor of l and 11?
11
Suppose 7*a + 5 = 12*a. Let n be 2 + 1 - (-3 + a + 0). Let r = 121 + -66. Calculate the highest common factor of n and r.
5
Suppose -6*x = -77 - 1531. Suppose q - x = -q. Suppose -4*l - 3*p + 9 = -83, p + q = 5*l. Calculate the greatest common factor of 39 and l.
13
Let r = 25 + 27. Let a = r - -48. Suppose -q = 3*b - 42, 2*q - 4*b = -q + a. What is the highest common divisor of 4 and q?
4
Let n = -86 + 135. Let f be ((-20)/14)/((-7)/n). Let j(p) = -p + 5. Let a be j(-10). Calculate the greatest common factor of f and a.
5
Let l = 33784 + -33781. Let w be (-6)/4*1*-8. What is the greatest common divisor of l and w?
3
Suppose 0 = -2*b + 4*b - 4. Suppose 0 = -b*k + k + 1. Calculate the greatest common factor of k and 2.
1
Suppose 10 - 37 = -3*c. Calculate the greatest common divisor of 45 and c.
9
Let a be (-182)/(-2) - (4/2 - -5). Calculate the highest common divisor of a and 1008.
84
Let k = -79 + 122. Let w = 91 - k. Let n be ((-5)/(-10))/(3/144). What is the highest common factor of w and n?
24
Suppose 3*g - 5*r - 149 = 0, 4*g + g - 4*r = 244. Suppose -5*p + 2 = -178. What is the highest common divisor of g and p?
12
Let b(g) = g**3 + 2*g - 8*g**2 + 225 - 236 + 0*g**3. Let f be b(8). Suppose -11 = -f*t - m, -3*t - 5 - 2 = 4*m. What is the greatest common divisor of t and 15?
3
Let l be 42*4/(-6) + 3. Let a be (2 - 14)/3 - l. Suppose -8 = 2*h, 0*w + 3*w - 3*h - a = 0. Calculate the highest common factor of w and 1.
1
Suppose -7*m + 2*m = 0. Suppose m = 3*t + 3*y - 24, 2*t = 2*y + 3 + 5. Let h = t + -5. Calculate the highest common factor of 11 and h.
1
Suppose -13 = -4*f + 3*n, -2*f + n = -4*n - 3. Suppose c = 14 + f. Let q(t) = 27*t + 603. Let r be q(-21). Calculate the highest common divisor of r and c.
18
Suppose 0*y = -4*y - 2*p + 1410, 4*p - 1065 = -3*y. Calculate the highest common divisor of y and 13.
13
Suppose 0 = 11*i - 97 - 1795. Calculate the highest common factor of i and 8.
4
Suppose 5*p = -2*b + 400, -3*p - 2*p - 4*b + 400 = 0. Let i(d) = d**2 + 3*d - 8. Let l be i(-6). Calculate the highest common factor of p and l.
10
Let u = 374 + -13. Calculate the greatest common factor of 19 and u.
19
Let w be (-52)/(-28) - (-3)/21. Let a be ((1 - -7) + w)*(-12)/(-10). Calculate the highest common factor of a and 12.
12
Suppose -2*m = 147 - 153. Let b be ((-1)/(-1))/(2/70). Suppose -8*v = -m*v - b. Calculate the greatest common factor of v and 1.
1
Suppose -3*b - 19 = -1. Let w be (2 - (-28)/(-8))/(b/140). What is the greatest common divisor of w and 315?
35
Let z = -1221 + 1310. What is the greatest common factor of 801 and z?
89
Let h(a) = -16*a**3 - 3*a**2 - 6*a - 3. Let b = -75 + 73. Let d be h(b). What is the greatest common factor of d and 50?
25
Let r = 171 + -104. Let p = r + 1. What is the greatest common factor of 34 and p?
34
Let z(f) = -2*f + 6. Let v be z(-5). Suppose -2*j + 296 = 5*p - 6*j, v = -4*j. Let s be 4*(-3)/(-12) - -7. Calculate the highest common factor of s and p.
8
Let y(g) = -g**3 + 15*g**2 - 48*g - 1. Let f be y(5). Let n be (-2)/6 - 56/(-6). Calculate the greatest common factor of f and n.
9
Suppose -3*p + 24 = -p. Suppose b - 10 = p. Calculate the highest common divisor of 2 and b.
2
Let h be 18/(-15) + 1 - (-1772)/10. Suppose 4*a + 3*j = -2*j + h, 4*j + 12 = 0. Calculate the highest common factor of a and 12.
12
Let i(s) = 6*s + 58. Let x be i(-7). What is the greatest common divisor of x and 112?
16
Let g(u) = -17 + 11 + 10*u - 14. Let i be g(4). What is the greatest common divisor of 180 and i?
20
Let f be 110/(-33)*1*9/(-2). Suppose 300 = 4*s + s. What is the greatest common divisor of f and s?
15
Let k = 778 + -768. Calculate the gre